{"id":88,"date":"2000-03-15T07:13:07","date_gmt":"2000-03-15T05:13:07","guid":{"rendered":"https:\/\/psychose-seminar.info\/?page_id=88"},"modified":"2000-03-15T07:13:07","modified_gmt":"2000-03-15T05:13:07","slug":"psychose-was-fordert-sie-von-den-einzelnen","status":"publish","type":"page","link":"https:\/\/www.psychose-seminar.de\/?page_id=88","title":{"rendered":"Psychose &#8211; was fordert sie von den Einzelnen?"},"content":{"rendered":"<p><b>Psychoseseminar am 15. M\u00e4rz 2000<\/b><\/p>\n<p><b>Ablauf:<\/b><\/p>\n<p>Begr\u00fcssung<\/p>\n<p>Was ist ein Psychose-Seminar? Kurze Erkl\u00e4rung (Hr. G.) &#8211; bei Bedarf<\/p>\n<ul>\n<li>Was ist eine Psychose?<\/li>\n<\/ul>\n<p>Vorlesen aus B\u00e4uml &#8222;Psychosen..&#8220; (Hr. N.) siehe Anlage<\/p>\n<p>-&gt; Einladen zur Erg\u00e4nzung (auch durch uns)<\/p>\n<ul>\n<li>Zettel zur eigenen Besinnung zum Thema:<\/li>\n<\/ul>\n<p>Was fordert eine Psychose von mir? (Plakat)<\/p>\n<p>-&gt; Nachfrage nach dem Wichtigsten des Aufgeschriebenen<\/p>\n<p>-&gt; auf Plakat aufschreiben<\/p>\n<p>P a u s e<\/p>\n<ul>\n<li>Wof\u00fcr kann ich sorgen, um auf das, was eine Psychose von mir fordert, vorbereitet zu sein? (Plakat)<\/li>\n<\/ul>\n<p>Verabschiedung<\/p>\n<p>Material usw. mitnehmen:<\/p>\n<ul>\n<li>B\u00fccher<\/li>\n<li>B\u00e4uml<\/li>\n<li>Liste: Psychose ist., (siehe 09\/99)<\/li>\n<li>leere K\u00e4rtchen\/Zettel<\/li>\n<li>Plakat: Was fordert eine Psychose von mir?<\/li>\n<li>Plakat: Wof\u00fcr kann ich sorgen, um auf das&#8230;<\/li>\n<\/ul>\n<p><b>Ergebnisse:<\/b><\/p>\n<p><b>Was fordert eine Pschose von mir?<\/b><\/p>\n<ul>\n<li>Unsicherheit und Angst bew\u00e4ltigen<\/li>\n<li>Hilfe suchen, Spiegel in anderen finden<\/li>\n<li>Lebensqualit\u00e4t<\/li>\n<li>Zerst\u00f6rung von Wertvollem, z. B. Kontakten (Opfer, das gefordert wird)<\/li>\n<li>Hilfe annehmen<\/li>\n<li>Verlust von lieben Menschen<\/li>\n<li>Kraft, Zeit, Liebe, viele \u00dcberlegungen zur Hilfe, Schuldgef\u00fchle; R\u00fcckzug z. B. aus der Nachbarschaft als Ann\u00e4herung an den Sohn<\/li>\n<li>st\u00e4ndige Auseinandersetzung mit Hilflosigkeit; Klarheit der eigenen Position; Umgang mit eigenen widerspr\u00fcchlichen Gef\u00fchlen; Kraft f\u00fcr Schuldgef\u00fchle<\/li>\n<li>Gelassenheit, Ruhe \u2014&gt; Umdenken, weniger Leistung<\/li>\n<li>Zukunftsangst bew\u00e4ltigen \u2019<\/li>\n<li>Mut hinzuschauen<\/li>\n<li>Mitgef\u00fchl und Klarheit im Verhalten<\/li>\n<li>eigene Begabung zur Psychose annehmen<\/li>\n<li>Aufmerksamkeit, um zu erkennen, wo etwas Krankhaftes auftaucht<\/li>\n<li>Bereitschaft, den Menschen als Ganzes und nicht nur die Erkrankung zu sehen \u2014&gt; Kontaktaufnahme mit gesunden Seiten -&gt; Verst\u00e4ndnis f\u00fcr Erkrankung im leben der einzelnen Betroffenen, f\u00fcr die Entt\u00e4uschungen<\/li>\n<li>ehrliche R\u00fcckmeldung der eigenen Wahmehmung<\/li>\n<\/ul>\n","protected":false},"excerpt":{"rendered":"<p>Psychoseseminar am 15. M\u00e4rz 2000 Ablauf: Begr\u00fcssung Was ist ein Psychose-Seminar? Kurze Erkl\u00e4rung (Hr. G.) &#8211; bei Bedarf Was ist eine Psychose? Vorlesen aus B\u00e4uml &#8222;Psychosen..&#8220; (Hr. N.) siehe Anlage -&gt; Einladen zur Erg\u00e4nzung (auch durch uns) Zettel zur eigenen Besinnung zum Thema: Was fordert eine Psychose von mir? (Plakat) -&gt; Nachfrage nach dem Wichtigsten [&hellip;]<\/p>\n","protected":false},"author":2,"featured_media":0,"parent":14,"menu_order":-25,"comment_status":"closed","ping_status":"closed","template":"","meta":[],"_links":{"self":[{"href":"https:\/\/www.psychose-seminar.de\/index.php?rest_route=\/wp\/v2\/pages\/88"}],"collection":[{"href":"https:\/\/www.psychose-seminar.de\/index.php?rest_route=\/wp\/v2\/pages"}],"about":[{"href":"https:\/\/www.psychose-seminar.de\/index.php?rest_route=\/wp\/v2\/types\/page"}],"author":[{"embeddable":true,"href":"https:\/\/www.psychose-seminar.de\/index.php?rest_route=\/wp\/v2\/users\/2"}],"replies":[{"embeddable":true,"href":"https:\/\/www.psychose-seminar.de\/index.php?rest_route=%2Fwp%2Fv2%2Fcomments&post=88"}],"version-history":[{"count":0,"href":"https:\/\/www.psychose-seminar.de\/index.php?rest_route=\/wp\/v2\/pages\/88\/revisions"}],"up":[{"embeddable":true,"href":"https:\/\/www.psychose-seminar.de\/index.php?rest_route=\/wp\/v2\/pages\/14"}],"wp:attachment":[{"href":"https:\/\/www.psychose-seminar.de\/index.php?rest_route=%2Fwp%2Fv2%2Fmedia&parent=88"}],"curies":[{"name":"wp","href":"https:\/\/api.w.org\/{rel}","templated":true}]}}