{"id":84,"date":"1999-12-15T07:01:52","date_gmt":"1999-12-15T05:01:52","guid":{"rendered":"https:\/\/psychose-seminar.info\/?page_id=84"},"modified":"1999-12-15T07:01:52","modified_gmt":"1999-12-15T05:01:52","slug":"koennen-psychotisch-erkrankte-menschen-lieben-sind-sie-liebenswert","status":"publish","type":"page","link":"https:\/\/www.psychose-seminar.de\/?page_id=84","title":{"rendered":"K\u00f6nnen psychotisch erkrankte Menschen lieben? &#8211; Sind sie liebenswert?"},"content":{"rendered":"<p><b>Psychoseseminar am 15. Dez. 1999<\/b><\/p>\n<p><b>Ablauf:<\/b><\/p>\n<p>Begr\u00fcssung<\/p>\n<p>Was ist ein Psychose\u2014Seminar? Kurze Erkl\u00e4rung (Hr. N.) &#8211; bei Bedarf<\/p>\n<ul>\n<li>Text vorlesen aus: Khalil Gibran &#8222;Der Prophet&#8220; (Fr. M.)<\/li>\n<li>Wer mag, kann (ein) K\u00e4rtchen schreiben zum Thema &#8222;Liebe&#8220; -&gt;<\/li>\n<li>zusammen mit vorgegebenen K\u00e4rtchen zum Thema auslegen (siehe Anhang) -&gt;<\/li>\n<li>ein K\u00e4rtchen aussuchen unter dem Blickwinkel des Abendthemas \u2014&gt;<\/li>\n<li>Gespr\u00e4ch dar\u00fcber<\/li>\n<\/ul>\n<p>P a u s e<\/p>\n<ul>\n<li>Gedicht vorlesen: Erich Fried &#8222;Dich&#8220; (Hr. N.)<\/li>\n<li>Hinweis auf das, was bisher noch nicht angesprochen wurde oder Fortsetzung des begonnenen Gespr\u00e4chs<\/li>\n<li>neue Themen f\u00fcr 2000<\/li>\n<\/ul>\n<p>Verabschiedung<\/p>\n<p>Material usw. mitnehmen:<\/p>\n<ul>\n<li>TN-Befragungsliste(n)<\/li>\n<li>Themenliste(n)<\/li>\n<li>B\u00fccher<\/li>\n<\/ul>\n<ul>\n<li>Kopien der Texte<\/li>\n<li>Kopien &#8222;Unbedingt wichtig&#8220;<\/li>\n<li>K\u00e4rtchen zum Thema<\/li>\n<li>leere K\u00e4rtchen<\/li>\n<\/ul>\n<p><b>Unbedingt wichtig<\/b><\/p>\n<ul>\n<li>Psychotisch erkrankte Menschen sind je nach Phase und St\u00e4rke der Erkrankung immer die Nehmenden!<\/li>\n<li>Psychotisch erkrankte Menschen wollen nicht f\u00fcr andere da sein, helfen nicht, sind nur mit sich selber besch\u00e4ftigt.<\/li>\n<li>Durch die Erkrankung und die Medikamente lebt der\/die Kranke unter einer K\u00e4seglocke.<\/li>\n<li>Er\/sie kann sich selber und die eigenen Gef\u00fchle nicht so wahmehmen.<\/li>\n<li>Kontaktst\u00f6rungen, Austausch ist nicht ausreichend m\u00f6glich<\/li>\n<li>Liebesfragen betreffen alle Menschen!<\/li>\n<li>Der Mensch hat viele Aspekte und Seiten. Die Erkrankung ist nur ein Teil!<\/li>\n<\/ul>\n<p><b>Anhang zum 15.12.1999<\/b><\/p>\n<p><b>Zitate usw. zum Thema &#8222;Liebe&#8220;<\/b><\/p>\n<ul>\n<li>Peter Altenberg: Nachfechsung<\/li>\n<\/ul>\n<ul>\n<li>Was es ist ,Erich Fried<\/li>\n<\/ul>\n<ul>\n<li>Antoine de Saint-Exup\u00e9ry: Die Stadt in der W\u00fcste<\/li>\n<\/ul>\n<ul>\n<li>Dich, Erich Fried<\/li>\n<\/ul>\n<ul>\n<li>Liebende machen Bilder voneinander, Bertolt Brecht: Me-ti, Buch der Wendungen<\/li>\n<\/ul>\n<ul>\n<li>Ernst Penzoldt: N\u00e4chtliche Notizen<\/li>\n<\/ul>\n<ul>\n<li>Theodor W. Adomo: Minima Moralia<\/li>\n<\/ul>\n<ul>\n<li>zwei, Emst Jandl<\/li>\n<\/ul>\n<ul>\n<li>Peter Altenberg: Fechsung<\/li>\n<\/ul>\n<ul>\n<li>Sri Chin Moi Gosh<\/li>\n<\/ul>\n<ul>\n<li>Hanns Dieter H\u00fcsch<\/li>\n<\/ul>\n<ul>\n<li>Bhagwan Shree Rajneesh<\/li>\n<\/ul>\n<ul>\n<li>Liebel?, Hartmut Jabs<\/li>\n<\/ul>\n<ul>\n<li>Warum, Erich Fried<\/li>\n<\/ul>\n<ul>\n<li>An den Freund, Konstantin Wecker<\/li>\n<\/ul>\n<ul>\n<li>Margot Bickel<\/li>\n<\/ul>\n<ul>\n<li>Kristiane Allert-wybranietz<\/li>\n<\/ul>\n<ul>\n<li>Erich Fried<\/li>\n<\/ul>\n<ul>\n<li>Paul L\u00e9autaud<\/li>\n<\/ul>\n<ul>\n<li>Fernando Pessoa<\/li>\n<\/ul>\n<ul>\n<li>Martin Buber<\/li>\n<\/ul>\n<ul>\n<li>liegen, bei dir, Ernst Jandl<\/li>\n<\/ul>\n<ul>\n<li>Else Lasker-Sch\u00fcler<\/li>\n<\/ul>\n<ul>\n<li>Anonyme Copla<\/li>\n<\/ul>\n<ul>\n<li>Silvia Giacornoni<\/li>\n<\/ul>\n<ul>\n<li>Solange du dem anderen sein Anderssein nicht verzeihen kannst, Solange du dem anderen bist du weitab vom Wege der Weisheit. Chinesisches sprichwort<\/li>\n<\/ul>\n<ul>\n<li>Friedrich Nietzsche<\/li>\n<\/ul>\n<ul>\n<li>Bertolt Brecht<\/li>\n<\/ul>\n<ul>\n<li>Hans-Curt Flemming<\/li>\n<\/ul>\n<ul>\n<li>Offefte, Hans-Curt Flemming<\/li>\n<\/ul>\n<ul>\n<li>Piritim A. Sorokin<\/li>\n<\/ul>\n<ul>\n<li>Meister Eckhart<\/li>\n<\/ul>\n<ul>\n<li>Goethe<\/li>\n<\/ul>\n<p>(Wegen Copyright keine Ver\u00f6ffentlichung hier im Online &#8211; Archiv)<\/p>\n<p><iframe loading=\"lazy\" src=\"https:\/\/www.psychoseseminar.info\/p-seminar\/1999-12.htm\" width=\"350\" height=\"75\" frameborder=\"0\" marginwidth=\"0\" marginheight=\"0\" scrolling=\"no\"><\/iframe><\/p>\n","protected":false},"excerpt":{"rendered":"<p>Psychoseseminar am 15. Dez. 1999 Ablauf: Begr\u00fcssung Was ist ein Psychose\u2014Seminar? Kurze Erkl\u00e4rung (Hr. N.) &#8211; bei Bedarf Text vorlesen aus: Khalil Gibran &#8222;Der Prophet&#8220; (Fr. M.) Wer mag, kann (ein) K\u00e4rtchen schreiben zum Thema &#8222;Liebe&#8220; -&gt; zusammen mit vorgegebenen K\u00e4rtchen zum Thema auslegen (siehe Anhang) -&gt; ein K\u00e4rtchen aussuchen unter dem Blickwinkel des Abendthemas [&hellip;]<\/p>\n","protected":false},"author":2,"featured_media":0,"parent":14,"menu_order":-23,"comment_status":"closed","ping_status":"closed","template":"","meta":[],"_links":{"self":[{"href":"https:\/\/www.psychose-seminar.de\/index.php?rest_route=\/wp\/v2\/pages\/84"}],"collection":[{"href":"https:\/\/www.psychose-seminar.de\/index.php?rest_route=\/wp\/v2\/pages"}],"about":[{"href":"https:\/\/www.psychose-seminar.de\/index.php?rest_route=\/wp\/v2\/types\/page"}],"author":[{"embeddable":true,"href":"https:\/\/www.psychose-seminar.de\/index.php?rest_route=\/wp\/v2\/users\/2"}],"replies":[{"embeddable":true,"href":"https:\/\/www.psychose-seminar.de\/index.php?rest_route=%2Fwp%2Fv2%2Fcomments&post=84"}],"version-history":[{"count":0,"href":"https:\/\/www.psychose-seminar.de\/index.php?rest_route=\/wp\/v2\/pages\/84\/revisions"}],"up":[{"embeddable":true,"href":"https:\/\/www.psychose-seminar.de\/index.php?rest_route=\/wp\/v2\/pages\/14"}],"wp:attachment":[{"href":"https:\/\/www.psychose-seminar.de\/index.php?rest_route=%2Fwp%2Fv2%2Fmedia&parent=84"}],"curies":[{"name":"wp","href":"https:\/\/api.w.org\/{rel}","templated":true}]}}