{"id":41,"date":"1995-02-15T21:34:58","date_gmt":"1995-02-15T19:34:58","guid":{"rendered":"https:\/\/psychose-seminar.info\/?page_id=41"},"modified":"1995-02-15T21:34:58","modified_gmt":"1995-02-15T19:34:58","slug":"die-dritte-sitzung-15-2-95","status":"publish","type":"page","link":"https:\/\/www.psychose-seminar.de\/?page_id=41","title":{"rendered":"DIE DRITTE SITZUNG. (15.2.95)"},"content":{"rendered":"<p>Psychose &#8211; Erfahrene berichteten \u00fcber ihr Erleben der Psychose und machten deutlich, inwieweit und wie es ihnen gelungen ist, ihre Erfahrungen aus der Psychose zu akzeptieren und in ihren Alltag zu integrieren. Es wurde deutlich, da\u00df eine solche Verarbeitung der Psychose zur Heilung hilft und erm\u00f6glicht, das psychotische Erleben anderen verst\u00e4ndlich zu machen. Die Frage, wie eine Verst\u00e4ndigung zwischen den Psychose &#8211; Erfahrenen und den Au\u00dfenstehenden verbessert werden kann, bestimmte dann auch die n\u00e4chste Sitzung.<\/p>\n<p><iframe loading=\"lazy\" src=\"https:\/\/www.psychoseseminar.info\/p-seminar\/1995-02-2.htm\" width=\"350\" height=\"75\" frameborder=\"0\" marginwidth=\"0\" marginheight=\"0\" scrolling=\"no\"><\/iframe><\/p>\n","protected":false},"excerpt":{"rendered":"<p>Psychose &#8211; Erfahrene berichteten \u00fcber ihr Erleben der Psychose und machten deutlich, inwieweit und wie es ihnen gelungen ist, ihre Erfahrungen aus der Psychose zu akzeptieren und in ihren Alltag zu integrieren. Es wurde deutlich, da\u00df eine solche Verarbeitung der Psychose zur Heilung hilft und erm\u00f6glicht, das psychotische Erleben anderen verst\u00e4ndlich zu machen. Die Frage, [&hellip;]<\/p>\n","protected":false},"author":2,"featured_media":0,"parent":14,"menu_order":-4,"comment_status":"closed","ping_status":"closed","template":"","meta":[],"_links":{"self":[{"href":"https:\/\/www.psychose-seminar.de\/index.php?rest_route=\/wp\/v2\/pages\/41"}],"collection":[{"href":"https:\/\/www.psychose-seminar.de\/index.php?rest_route=\/wp\/v2\/pages"}],"about":[{"href":"https:\/\/www.psychose-seminar.de\/index.php?rest_route=\/wp\/v2\/types\/page"}],"author":[{"embeddable":true,"href":"https:\/\/www.psychose-seminar.de\/index.php?rest_route=\/wp\/v2\/users\/2"}],"replies":[{"embeddable":true,"href":"https:\/\/www.psychose-seminar.de\/index.php?rest_route=%2Fwp%2Fv2%2Fcomments&post=41"}],"version-history":[{"count":0,"href":"https:\/\/www.psychose-seminar.de\/index.php?rest_route=\/wp\/v2\/pages\/41\/revisions"}],"up":[{"embeddable":true,"href":"https:\/\/www.psychose-seminar.de\/index.php?rest_route=\/wp\/v2\/pages\/14"}],"wp:attachment":[{"href":"https:\/\/www.psychose-seminar.de\/index.php?rest_route=%2Fwp%2Fv2%2Fmedia&parent=41"}],"curies":[{"name":"wp","href":"https:\/\/api.w.org\/{rel}","templated":true}]}}