{"id":382,"date":"2016-10-19T04:10:59","date_gmt":"2016-10-19T02:10:59","guid":{"rendered":"https:\/\/psychose-seminar.info\/?page_id=382"},"modified":"2016-10-19T04:10:59","modified_gmt":"2016-10-19T02:10:59","slug":"wie-gehe-ich-mit-meinen-diagnosen-um","status":"publish","type":"page","link":"https:\/\/www.psychose-seminar.de\/?page_id=382","title":{"rendered":"Wie gehe ich mit meinen Diagnosen um?"},"content":{"rendered":"<p class=\"western\" align=\"center\"><strong>Protokoll des Psychoseseminars vom 19. Oktober von 19.00 \u2013 21:00 Uhr<\/strong><\/p>\n<p class=\"western\">Moderation: Herr Schmidt Protokoll: Frau Els\u00e4sser<\/p>\n<p class=\"western\"><strong>Ablauf:<\/strong><\/p>\n<p class=\"western\">Begr\u00fc\u00dfung der anwesenden G\u00e4ste Herr Schmidt<\/p>\n<p class=\"western\">Vorstellung des Psychoseseminars Herr Schmidt<\/p>\n<p class=\"western\">Ablauf des Seminars mit Pausen und Getr\u00e4nken und Protokoll Herr Schmidt<\/p>\n<p class=\"western\">Das Thema im Psychoseseminar am 19. Oktober 2016 lautet: \u201eWie gehe ich mit meiner Diagnose um?\u201c<\/p>\n<p class=\"western\"><strong>Einstieg <\/strong><\/p>\n<p class=\"western\"><strong>Es werden Karten vom letzten Seminar auf dem Boden verteilt, mit den verschiedensten Diagnosen.<\/strong><\/p>\n<p class=\"western\"><strong>Die Frage zum Einstieg lautet: Welche Gef\u00fchle entstanden bei mir, als ich von meiner Diagnose erfuhr? Oder der Diagnose eines Angeh\u00f6rigen? Oder bei der Diagnose eines Patienten?<\/strong><\/p>\n<p class=\"western\"><strong>Jedes Gef\u00fchl kann von den Anwesenden auf jeweils eine Karte geschrieben werden.<\/strong><\/p>\n<p class=\"western\"><strong>Danach kann jeder, der m\u00f6chte seine Karten vorstellen.<\/strong><\/p>\n<p class=\"western\"><strong>Es werden folgende Nennungen aufgeschrieben:<\/strong><\/p>\n<ul>\n<li>\n<p class=\"western\">Verwirrung \u2013 Unsicherheit (Mehrfachnennung)<\/p>\n<\/li>\n<li>\n<p class=\"western\">Wut auf alle Anderen \u2013 Wut auf mich selbst (Mehrfachnennung)<\/p>\n<\/li>\n<li>\n<p class=\"western\">Ungeduld \u2013 Nicht Wissen, wo ist meine Belastungsgrenze jetzt?<\/p>\n<\/li>\n<li>\n<p class=\"western\">Erleichterung \u2013 So bin ich dran (Mehrfachnennung)<\/p>\n<\/li>\n<li>\n<p class=\"western\">Entlastung \u2013 Es liegt nicht an meinem Charakter, ich bin kein schlechter Mensch.<\/p>\n<\/li>\n<li>\n<p class=\"western\">Stigmatisierung \u2013 Beispiel bei Alkoholmissbrauch der Ausspruch \u201eSelbst schuld\u201c<\/p>\n<\/li>\n<li>\n<p class=\"western\">zu einem Gef\u00fchl nicht in der Lage \u2013 Beispiel bei Depression<\/p>\n<\/li>\n<li>\n<p class=\"western\">Unkenntnis \u2013 Unwissenheit.<\/p>\n<\/li>\n<\/ul>\n<p class=\"western\"><b>Diskussion<\/b><\/p>\n<p class=\"western\">Man muss den Weg selber gehen (Zeitfaktor)<\/p>\n<p class=\"western\">Aber trotzdem Austausch mit anderen Betroffenen (Selbsthilfe)<\/p>\n<p class=\"western\">Der Weg zur Genesung erfolgt durch kleine Schritte.<\/p>\n<p class=\"western\">F\u00fcr die \u201eGesunden\u201c eine Fassade aufrechtzuerhalten ist anstrengend.<\/p>\n<p class=\"western\">Man wei\u00df vielleicht noch gar nicht, ob man gesund wird. Soll man deswegen einen Grad der Behinderung beantragen?<\/p>\n<p class=\"western\">Es gibt verschiedene Wege, aber nach einer Diagnose ist nichts mehr so wie es war.<\/p>\n<p class=\"western\">Welchen Weg will man gehen? Ehrenamt, Berufsleben, Werkstatt f\u00fcr Behinderte?<\/p>\n<p class=\"western\">F\u00fcr die Angeh\u00f6rigen ist es nicht leicht, die Ungeduld auszuhalten, die vom Betroffenen ausgehen, der nach einem Schub wieder so weiter machen will, wie bisher.<\/p>\n<p class=\"western\"><b>PAUSE<\/b><\/p>\n<p class=\"western\"><b>Zweiter Teil:<\/b><\/p>\n<p class=\"western\">Nun m\u00f6chten wir auf der Flipchart sammeln:<\/p>\n<p class=\"western\"><b>Welche Wege gehe ich mit meiner Diagnose \u2013 Was hilft? <\/b>:<\/p>\n<p class=\"western\">Einzel- und Gruppentherapie<\/p>\n<p class=\"western\">Trotz und Lebenswille<\/p>\n<p class=\"western\">Die Annahme meiner Erkrankung ist wesentlich f\u00fcr die Inanspruchnahme von Hilfsangeboten und f\u00fcr die Aufnahme von weiteren Informationen \u00fcber die Krankheit.<\/p>\n<p class=\"western\">Bei Sucht: Abstinenz<\/p>\n<p class=\"western\">Selbsterkenntnis, Ehrlichkeit gegen\u00fcber sich selbst.<\/p>\n<p class=\"western\">Das Umfeld aktiv gestalten<\/p>\n<p class=\"western\">Selbsthilfegruppe, die l\u00f6sungsorientiert arbeitet und nicht ein Problem nach dem anderen er\u00f6ffnet.<\/p>\n<p class=\"western\">Offener Umgang mit der Erkrankung<\/p>\n<p class=\"western\">Geduld<\/p>\n<p class=\"western\">Ca. 21:00 Uhr <strong>Abschlussrunde:<\/strong> Ein Stein wird in die Runde gegeben: Was hat Ihnen diese Veranstaltung gebracht (was nehmen Sie mit? Was lassen Sie hier?)<\/p>\n<p><b>Bedanken bei der Seminargruppe (und dem Gast \/ den G\u00e4sten) \u2013 Hinweis auf die Pause im Psychoseseminar bis zum September. Alle weiteren Themen stehen auch auf der Homepage des Psychose \u2013 Seminars: www.psychose-seminar.info<\/b><\/p>\n","protected":false},"excerpt":{"rendered":"<p>Protokoll des Psychoseseminars vom 19. Oktober von 19.00 \u2013 21:00 Uhr Moderation: Herr Schmidt Protokoll: Frau Els\u00e4sser Ablauf: Begr\u00fc\u00dfung der anwesenden G\u00e4ste Herr Schmidt Vorstellung des Psychoseseminars Herr Schmidt Ablauf des Seminars mit Pausen und Getr\u00e4nken und Protokoll Herr Schmidt Das Thema im Psychoseseminar am 19. Oktober 2016 lautet: \u201eWie gehe ich mit meiner Diagnose [&hellip;]<\/p>\n","protected":false},"author":2,"featured_media":0,"parent":14,"menu_order":-149,"comment_status":"closed","ping_status":"closed","template":"","meta":[],"_links":{"self":[{"href":"https:\/\/www.psychose-seminar.de\/index.php?rest_route=\/wp\/v2\/pages\/382"}],"collection":[{"href":"https:\/\/www.psychose-seminar.de\/index.php?rest_route=\/wp\/v2\/pages"}],"about":[{"href":"https:\/\/www.psychose-seminar.de\/index.php?rest_route=\/wp\/v2\/types\/page"}],"author":[{"embeddable":true,"href":"https:\/\/www.psychose-seminar.de\/index.php?rest_route=\/wp\/v2\/users\/2"}],"replies":[{"embeddable":true,"href":"https:\/\/www.psychose-seminar.de\/index.php?rest_route=%2Fwp%2Fv2%2Fcomments&post=382"}],"version-history":[{"count":0,"href":"https:\/\/www.psychose-seminar.de\/index.php?rest_route=\/wp\/v2\/pages\/382\/revisions"}],"up":[{"embeddable":true,"href":"https:\/\/www.psychose-seminar.de\/index.php?rest_route=\/wp\/v2\/pages\/14"}],"wp:attachment":[{"href":"https:\/\/www.psychose-seminar.de\/index.php?rest_route=%2Fwp%2Fv2%2Fmedia&parent=382"}],"curies":[{"name":"wp","href":"https:\/\/api.w.org\/{rel}","templated":true}]}}

<p class="western" align="center"><strong>Protokoll des Psychoseseminars vom 19. Oktober von 19.00 – 21:00 Uhr</strong></p>
<p class="western">Moderation: Herr Schmidt Protokoll: Frau Elsässer</p>
<p class="western"><strong>Ablauf:</strong></p>
<p class="western">Begrüßung der anwesenden Gäste Herr Schmidt</p>
<p class="western">Vorstellung des Psychoseseminars Herr Schmidt</p>
<p class="western">Ablauf des Seminars mit Pausen und Getränken und Protokoll Herr Schmidt</p>
<p class="western">Das Thema im Psychoseseminar am 19. Oktober 2016 lautet: „Wie gehe ich mit meiner Diagnose um?“</p>
<p class="western"><strong>Einstieg </strong></p>
<p class="western"><strong>Es werden Karten vom letzten Seminar auf dem Boden verteilt, mit den verschiedensten Diagnosen.</strong></p>
<p class="western"><strong>Die Frage zum Einstieg lautet: Welche Gefühle entstanden bei mir, als ich von meiner Diagnose erfuhr? Oder der Diagnose eines Angehörigen? Oder bei der Diagnose eines Patienten?</strong></p>
<p class="western"><strong>Jedes Gefühl kann von den Anwesenden auf jeweils eine Karte geschrieben werden.</strong></p>
<p class="western"><strong>Danach kann jeder, der möchte seine Karten vorstellen.</strong></p>
<p class="western"><strong>Es werden folgende Nennungen aufgeschrieben:</strong></p>
<ul>
<li>
<p class="western">Verwirrung – Unsicherheit (Mehrfachnennung)</p>
</li>
<li>
<p class="western">Wut auf alle Anderen – Wut auf mich selbst (Mehrfachnennung)</p>
</li>
<li>
<p class="western">Ungeduld – Nicht Wissen, wo ist meine Belastungsgrenze jetzt?</p>
</li>
<li>
<p class="western">Erleichterung – So bin ich dran (Mehrfachnennung)</p>
</li>
<li>
<p class="western">Entlastung – Es liegt nicht an meinem Charakter, ich bin kein schlechter Mensch.</p>
</li>
<li>
<p class="western">Stigmatisierung – Beispiel bei Alkoholmissbrauch der Ausspruch „Selbst schuld“</p>
</li>
<li>
<p class="western">zu einem Gefühl nicht in der Lage – Beispiel bei Depression</p>
</li>
<li>
<p class="western">Unkenntnis – Unwissenheit.</p>
</li>
</ul>
<p class="western"><b>Diskussion</b></p>
<p class="western">Man muss den Weg selber gehen (Zeitfaktor)</p>
<p class="western">Aber trotzdem Austausch mit anderen Betroffenen (Selbsthilfe)</p>
<p class="western">Der Weg zur Genesung erfolgt durch kleine Schritte.</p>
<p class="western">Für die „Gesunden“ eine Fassade aufrechtzuerhalten ist anstrengend.</p>
<p class="western">Man weiß vielleicht noch gar nicht, ob man gesund wird. Soll man deswegen einen Grad der Behinderung beantragen?</p>
<p class="western">Es gibt verschiedene Wege, aber nach einer Diagnose ist nichts mehr so wie es war.</p>
<p class="western">Welchen Weg will man gehen? Ehrenamt, Berufsleben, Werkstatt für Behinderte?</p>
<p class="western">Für die Angehörigen ist es nicht leicht, die Ungeduld auszuhalten, die vom Betroffenen ausgehen, der nach einem Schub wieder so weiter machen will, wie bisher.</p>
<p class="western"><b>PAUSE</b></p>
<p class="western"><b>Zweiter Teil:</b></p>
<p class="western">Nun möchten wir auf der Flipchart sammeln:</p>
<p class="western"><b>Welche Wege gehe ich mit meiner Diagnose – Was hilft? </b>:</p>
<p class="western">Einzel- und Gruppentherapie</p>
<p class="western">Trotz und Lebenswille</p>
<p class="western">Die Annahme meiner Erkrankung ist wesentlich für die Inanspruchnahme von Hilfsangeboten und für die Aufnahme von weiteren Informationen über die Krankheit.</p>
<p class="western">Bei Sucht: Abstinenz</p>
<p class="western">Selbsterkenntnis, Ehrlichkeit gegenüber sich selbst.</p>
<p class="western">Das Umfeld aktiv gestalten</p>
<p class="western">Selbsthilfegruppe, die lösungsorientiert arbeitet und nicht ein Problem nach dem anderen eröffnet.</p>
<p class="western">Offener Umgang mit der Erkrankung</p>
<p class="western">Geduld</p>
<p class="western">Ca. 21:00 Uhr <strong>Abschlussrunde:</strong> Ein Stein wird in die Runde gegeben: Was hat Ihnen diese Veranstaltung gebracht (was nehmen Sie mit? Was lassen Sie hier?)</p>
<p><b>Bedanken bei der Seminargruppe (und dem Gast / den Gästen) – Hinweis auf die Pause im Psychoseseminar bis zum September. Alle weiteren Themen stehen auch auf der Homepage des Psychose – Seminars: www.psychose-seminar.info</b></p>

<p>Protokoll des Psychoseseminars vom 19. Oktober von 19.00 – 21:00 Uhr Moderation: Herr Schmidt Protokoll: Frau Elsässer Ablauf: Begrüßung der anwesenden Gäste Herr Schmidt Vorstellung des Psychoseseminars Herr Schmidt Ablauf des Seminars mit Pausen und Getränken und Protokoll Herr Schmidt Das Thema im Psychoseseminar am 19. Oktober 2016 lautet: „Wie gehe ich mit meiner Diagnose [&hellip;]</p>
