{"id":304,"date":"2013-12-18T19:24:33","date_gmt":"2013-12-18T17:24:33","guid":{"rendered":"https:\/\/psychose-seminar.info\/?page_id=304"},"modified":"2013-12-18T19:24:33","modified_gmt":"2013-12-18T17:24:33","slug":"kreativitaet-und-psychose","status":"publish","type":"page","link":"https:\/\/www.psychose-seminar.de\/?page_id=304","title":{"rendered":"Kreativit\u00e4t und Psychose"},"content":{"rendered":"<p><b>Protokoll des Psychoseseminars vom 18. Dezember 2013 von 19.00 \u2013 21:15 Uhr<\/b><\/p>\n<p>Moderation Frau Dangel; Protokoll Frau Hamacher<\/p>\n<p>Nach der Begr\u00fc\u00dfung wird die Frage gestellt:<\/p>\n<p>Haben Sie Erfahrungen mit Kreativit\u00e4t und Psychose gemacht? Waren Sie kreativ trotz der Psychose oder kreativ durch die Psychose? (siehe Ablaufplan)<\/p>\n<p><b>Antworten:<\/b><\/p>\n<ul>\n<li>Zu Anfang der Psychose hatte ich sehr viele Ideen und dann wurde es diffus, es war au\u00dfer Kontrolle und meine Toleranzgrenze sank auf ein Minimum, wenn meine Ideen sich nicht umsetzen lie\u00dfen. F\u00fcr mich war es un\u00fcbersichtlich aber ich kam schnell wieder raus. K\u00fcnstler erleben so was auch und werden ber\u00fchmt!<\/li>\n<li>Kreativ zu sein ist nicht meine Sache aber in der Ergotherapie fand ich eine positive<\/li>\n<li>Ich besch\u00e4ftigte mich mit Br\u00fcning \u2013 das hei\u00dft auf Holz Bilder einbrennen und dann ausmalen. Es hat mir geholfen mich wieder zu konzentrieren in meiner Depression. Ich habe es gerne gemacht. Leider habe ich es nach dem Aufenthalt der Klinik nicht wieder aufgenommen und in mein Leben intrigiert!<\/li>\n<li>Ich habe ein Buch umgeschrieben in \u201eICH\u201c Form in der Psychose. Mein Gef\u00fchl damals war, dass der Text zu mir und meinem Leben passt. Das war auch ein kreativer Akt der mich heute noch erfreut!<\/li>\n<li>In meiner Psychose hat mich ein Satz in einem Buch aus der Fassung gebracht \u201cGott will mit Dir sprechen\u201c. Damals glaubte ich das wirklich und hatte Angst.<\/li>\n<li>Aussage eines Arztes der LVR Klink: Bei schizophrenen Psychosen sind gr\u00f6\u00dfere Einschr\u00e4nkungen der Kreativit\u00e4t m\u00f6glich. Durch zerfahrenes Denken sind die Prozessstrukturen gest\u00f6rt. Man muss den Ablauf des Denkens \u00e4ndern um wieder Kreativ werden zu k\u00f6nnen. Patienten die l\u00e4nger in der Klinik waren, sprachen davon, dass sie mit ihren Werken im Bereich der Kreativit\u00e4t zufrieden sind. Das ist ein positiver Effekt von Ergotherapie. Mit Kreativit\u00e4t ist es m\u00f6glich, wieder Kontakte zu kn\u00fcpfen.<\/li>\n<\/ul>\n<p><b>Antworten aus der Runde:<\/b><\/p>\n<ul>\n<li>Psychosen geben tendenziell Auftrieb in der Kunst, dies kann bei einem akuten Schub auch anders sein.<\/li>\n<li>Ger\u00fcche werden anders wahr genommen.<\/li>\n<li>Kreativit\u00e4t wurde \u00fcber das Programmieren ausgelebt.<\/li>\n<li>Kunst ist das, was gef\u00e4llt.<\/li>\n<li>Kreativit\u00e4t hat jeder in sich, auch Menschen ohne psychische Erkrankung.<\/li>\n<li>Erforscht ist, dass es bei K\u00fcnstlern eine dauerhafte Aktivit\u00e4t im Gehirn gibt die mit Hyperaktivit\u00e4t vergleichbar ist.<\/li>\n<li>Genetisch bedingte Strukturen k\u00f6nnen hemmend oder aktivierend wirken.<\/li>\n<li>Fr\u00fchkindliche Kreativit\u00e4t zu f\u00f6rdern k\u00f6nnte hilfreich sein, um psychische Erkrankungen vorzubeugen, was nat\u00fcrlich nicht bei allen psychischen Erkrankungen m\u00f6glich ist.<\/li>\n<li>Gesellschaftsspiele &#8211; Theater \u2013 Musiktherapie sind auch M\u00f6glichkeiten kreativ zu sein. Jeder psychisch erkrankter Mensch sieht seine Kreativit\u00e4t in dem Bereich der zu ihm passt und ihm gut tut und hilft.<\/li>\n<li>Um kreativ zu sein muss man nicht gesund sein.<\/li>\n<li>Bilder im Kopf hat jeder.<\/li>\n<li>Kreativit\u00e4t ist f\u00fcr viele Menschen wichtig.<\/li>\n<\/ul>\n<p>Kunst kann helfen sich aus zudr\u00fccken, auf sich aufmerksam zu machen, Psychosen zu \u00fcberwinden, aus Depressionen heraus zu kommen, aktiv zu werden, sich wieder zu finden, sich selber wahr zu nehmen. Jeder hat eine andere Kreativit\u00e4t. Manche lieben die Ruhe dabei, manche haben gerne das schnelle Vorankommen bei Kreativit\u00e4t.<\/p>\n<p>In der Tagesst\u00e4tte der Kette e. V. gibt es seit circa einem Jahr das Kreativangebot, mit Fotografie seine Gef\u00fchle darzustellen. Beispiele: Wie f\u00fchlte ich mich unter Einwirkung meiner Medikamente oder was f\u00fchle ich, wenn ich eingesperrt bin&#8230;..? Dieses Projekt ist sehr gut angenommen worden und es sind schon sehr gute Ergebnisse dabei entstanden. Eventuell wird auch eine Ausstellung \u00fcber diese Arbeiten stattfinden.<\/p>\n<p><b>Frau Niedine van den Bos-Nicolai von der Kath.Klinikseelsorge Tel.: 02421\/40221<\/b> erz\u00e4hlte von dem Projekt f\u00fcr alle Institutionen und Interessierten: <b>Eine Kunstaktion f\u00fcr Menschen mit Behinderung und Ihre Begleiter<\/b> \u201eZeigt her Eure Schuhe\u201c (25.06.2014 \u2013 29.06.2014)<\/p>\n<p>Es ist eine Ausdrucksform, sich Darzustellen im Bildnerischen oder auch im Wort. Wer bin ich? Wo komm ich her? Wo will ich hin? <b>Hier ist der Link zum nachlesen:<\/b> <a class=\"external free\" href=\"http:\/\/heiligtumsfahrt2014.de\" rel=\"nofollow\">http:\/\/heiligtumsfahrt2014.de<\/a> Bei Fragen steht Frau Niedine van Bos- Nicolai gerne zu Verf\u00fcgung. <b>Tel.: 02421\/40221<\/b><\/p>\n<p>Anschlie\u00dfend wurden Themen f\u00fcr das kommende Jahr gesammelt:<\/p>\n<p><b>Themen der Seminarbesucher:<\/b><\/p>\n<ul>\n<li>Pharmakologie\/ Begleiterscheinungen<\/li>\n<li>Suchterkrankungen und Psychose<\/li>\n<\/ul>\n<p>Abschlussrunde: Ein Stein wird in die Runde gegeben mit der Frage: Was hat Ihnen diese Veranstaltung gebracht (was nehmen Sie mit? Was lassen Sie hier?) Verabschiedung.<\/p>\n<p>Es folgt der Hinweis auf die Winterpause. Das Seminar startet wieder im M\u00e4rz 2014.Die Themen sind auch immer auf der Homepage des Psychoseseminars zu finden und k\u00f6nnen auch bei der Kette e.V. Kontakt \u2013 und Beratungsstelle abgeholt werden.<\/p>\n","protected":false},"excerpt":{"rendered":"<p>Protokoll des Psychoseseminars vom 18. Dezember 2013 von 19.00 \u2013 21:15 Uhr Moderation Frau Dangel; Protokoll Frau Hamacher Nach der Begr\u00fc\u00dfung wird die Frage gestellt: Haben Sie Erfahrungen mit Kreativit\u00e4t und Psychose gemacht? Waren Sie kreativ trotz der Psychose oder kreativ durch die Psychose? (siehe Ablaufplan) Antworten: Zu Anfang der Psychose hatte ich sehr viele [&hellip;]<\/p>\n","protected":false},"author":2,"featured_media":0,"parent":14,"menu_order":-127,"comment_status":"closed","ping_status":"closed","template":"","meta":[],"_links":{"self":[{"href":"https:\/\/www.psychose-seminar.de\/index.php?rest_route=\/wp\/v2\/pages\/304"}],"collection":[{"href":"https:\/\/www.psychose-seminar.de\/index.php?rest_route=\/wp\/v2\/pages"}],"about":[{"href":"https:\/\/www.psychose-seminar.de\/index.php?rest_route=\/wp\/v2\/types\/page"}],"author":[{"embeddable":true,"href":"https:\/\/www.psychose-seminar.de\/index.php?rest_route=\/wp\/v2\/users\/2"}],"replies":[{"embeddable":true,"href":"https:\/\/www.psychose-seminar.de\/index.php?rest_route=%2Fwp%2Fv2%2Fcomments&post=304"}],"version-history":[{"count":0,"href":"https:\/\/www.psychose-seminar.de\/index.php?rest_route=\/wp\/v2\/pages\/304\/revisions"}],"up":[{"embeddable":true,"href":"https:\/\/www.psychose-seminar.de\/index.php?rest_route=\/wp\/v2\/pages\/14"}],"wp:attachment":[{"href":"https:\/\/www.psychose-seminar.de\/index.php?rest_route=%2Fwp%2Fv2%2Fmedia&parent=304"}],"curies":[{"name":"wp","href":"https:\/\/api.w.org\/{rel}","templated":true}]}}

Kreativität und Psychose

<p><b>Protokoll des Psychoseseminars vom 18. Dezember 2013 von 19.00 – 21:15 Uhr</b></p>
<p>Moderation Frau Dangel; Protokoll Frau Hamacher</p>
<p>Nach der Begrüßung wird die Frage gestellt:</p>
<p>Haben Sie Erfahrungen mit Kreativität und Psychose gemacht? Waren Sie kreativ trotz der Psychose oder kreativ durch die Psychose? (siehe Ablaufplan)</p>
<p><b>Antworten:</b></p>
<ul>
<li>Zu Anfang der Psychose hatte ich sehr viele Ideen und dann wurde es diffus, es war außer Kontrolle und meine Toleranzgrenze sank auf ein Minimum, wenn meine Ideen sich nicht umsetzen ließen. Für mich war es unübersichtlich aber ich kam schnell wieder raus. Künstler erleben so was auch und werden berühmt!</li>
<li>Kreativ zu sein ist nicht meine Sache aber in der Ergotherapie fand ich eine positive</li>
<li>Ich beschäftigte mich mit Brüning – das heißt auf Holz Bilder einbrennen und dann ausmalen. Es hat mir geholfen mich wieder zu konzentrieren in meiner Depression. Ich habe es gerne gemacht. Leider habe ich es nach dem Aufenthalt der Klinik nicht wieder aufgenommen und in mein Leben intrigiert!</li>
<li>Ich habe ein Buch umgeschrieben in „ICH“ Form in der Psychose. Mein Gefühl damals war, dass der Text zu mir und meinem Leben passt. Das war auch ein kreativer Akt der mich heute noch erfreut!</li>
<li>In meiner Psychose hat mich ein Satz in einem Buch aus der Fassung gebracht “Gott will mit Dir sprechen“. Damals glaubte ich das wirklich und hatte Angst.</li>
<li>Aussage eines Arztes der LVR Klink: Bei schizophrenen Psychosen sind größere Einschränkungen der Kreativität möglich. Durch zerfahrenes Denken sind die Prozessstrukturen gestört. Man muss den Ablauf des Denkens ändern um wieder Kreativ werden zu können. Patienten die länger in der Klinik waren, sprachen davon, dass sie mit ihren Werken im Bereich der Kreativität zufrieden sind. Das ist ein positiver Effekt von Ergotherapie. Mit Kreativität ist es möglich, wieder Kontakte zu knüpfen.</li>
</ul>
<p><b>Antworten aus der Runde:</b></p>
<ul>
<li>Psychosen geben tendenziell Auftrieb in der Kunst, dies kann bei einem akuten Schub auch anders sein.</li>
<li>Gerüche werden anders wahr genommen.</li>
<li>Kreativität wurde über das Programmieren ausgelebt.</li>
<li>Kunst ist das, was gefällt.</li>
<li>Kreativität hat jeder in sich, auch Menschen ohne psychische Erkrankung.</li>
<li>Erforscht ist, dass es bei Künstlern eine dauerhafte Aktivität im Gehirn gibt die mit Hyperaktivität vergleichbar ist.</li>
<li>Genetisch bedingte Strukturen können hemmend oder aktivierend wirken.</li>
<li>Frühkindliche Kreativität zu fördern könnte hilfreich sein, um psychische Erkrankungen vorzubeugen, was natürlich nicht bei allen psychischen Erkrankungen möglich ist.</li>
<li>Gesellschaftsspiele &#8211; Theater – Musiktherapie sind auch Möglichkeiten kreativ zu sein. Jeder psychisch erkrankter Mensch sieht seine Kreativität in dem Bereich der zu ihm passt und ihm gut tut und hilft.</li>
<li>Um kreativ zu sein muss man nicht gesund sein.</li>
<li>Bilder im Kopf hat jeder.</li>
<li>Kreativität ist für viele Menschen wichtig.</li>
</ul>
<p>Kunst kann helfen sich aus zudrücken, auf sich aufmerksam zu machen, Psychosen zu überwinden, aus Depressionen heraus zu kommen, aktiv zu werden, sich wieder zu finden, sich selber wahr zu nehmen. Jeder hat eine andere Kreativität. Manche lieben die Ruhe dabei, manche haben gerne das schnelle Vorankommen bei Kreativität.</p>
<p>In der Tagesstätte der Kette e. V. gibt es seit circa einem Jahr das Kreativangebot, mit Fotografie seine Gefühle darzustellen. Beispiele: Wie fühlte ich mich unter Einwirkung meiner Medikamente oder was fühle ich, wenn ich eingesperrt bin&#8230;..? Dieses Projekt ist sehr gut angenommen worden und es sind schon sehr gute Ergebnisse dabei entstanden. Eventuell wird auch eine Ausstellung über diese Arbeiten stattfinden.</p>
<p><b>Frau Niedine van den Bos-Nicolai von der Kath.Klinikseelsorge Tel.: 02421/40221</b> erzählte von dem Projekt für alle Institutionen und Interessierten: <b>Eine Kunstaktion für Menschen mit Behinderung und Ihre Begleiter</b> „Zeigt her Eure Schuhe“ (25.06.2014 – 29.06.2014)</p>
<p>Es ist eine Ausdrucksform, sich Darzustellen im Bildnerischen oder auch im Wort. Wer bin ich? Wo komm ich her? Wo will ich hin? <b>Hier ist der Link zum nachlesen:</b> <a class="external free" href="http://heiligtumsfahrt2014.de" rel="nofollow">http://heiligtumsfahrt2014.de</a> Bei Fragen steht Frau Niedine van Bos- Nicolai gerne zu Verfügung. <b>Tel.: 02421/40221</b></p>
<p>Anschließend wurden Themen für das kommende Jahr gesammelt:</p>
<p><b>Themen der Seminarbesucher:</b></p>
<ul>
<li>Pharmakologie/ Begleiterscheinungen</li>
<li>Suchterkrankungen und Psychose</li>
</ul>
<p>Abschlussrunde: Ein Stein wird in die Runde gegeben mit der Frage: Was hat Ihnen diese Veranstaltung gebracht (was nehmen Sie mit? Was lassen Sie hier?) Verabschiedung.</p>
<p>Es folgt der Hinweis auf die Winterpause. Das Seminar startet wieder im März 2014.Die Themen sind auch immer auf der Homepage des Psychoseseminars zu finden und können auch bei der Kette e.V. Kontakt – und Beratungsstelle abgeholt werden.</p>

<p>Protokoll des Psychoseseminars vom 18. Dezember 2013 von 19.00 – 21:15 Uhr Moderation Frau Dangel; Protokoll Frau Hamacher Nach der Begrüßung wird die Frage gestellt: Haben Sie Erfahrungen mit Kreativität und Psychose gemacht? Waren Sie kreativ trotz der Psychose oder kreativ durch die Psychose? (siehe Ablaufplan) Antworten: Zu Anfang der Psychose hatte ich sehr viele [&hellip;]</p>
