{"id":218,"date":"2008-10-15T16:55:50","date_gmt":"2008-10-15T14:55:50","guid":{"rendered":"https:\/\/psychose-seminar.info\/?page_id=218"},"modified":"2008-10-15T16:55:50","modified_gmt":"2008-10-15T14:55:50","slug":"ausnahmesituation-einweisung-per-psych-kg-erfahrungsaustausch-zwischen-psychose-erfahrenen-und-ordnungshuetern","status":"publish","type":"page","link":"https:\/\/www.psychose-seminar.de\/?page_id=218","title":{"rendered":"Ausnahmesituation: Einweisung per Psych-KG \u2013 Erfahrungsaustausch zwischen Psychose &#8211; Erfahrenen und Ordnungsh\u00fctern"},"content":{"rendered":"<p><b>Protokoll des Psychoseseminars vom 15.10.2008 von 19.00 \u2013 21.15 Uhr<\/b><\/p>\n<p>Protokollantin: Fr. Mischke (Mitarbeiterin der Kontakt-u. Beratungsstelle der Kette e.V.)<\/p>\n<p>Zun\u00e4chst erfolgt die Begr\u00fc\u00dfung des Auditoriums sowie der anwesenden G\u00e4ste Fr. Schlagloth-Kley (gesetzliche Betreuerin), Fr. Dr. Pauels (Gesundheitsamt), Hr. Steffen (Polizei), Hr. Schmitz (Ordnungsamt)<\/p>\n<p><b>1.Was ist das Psych-KG? Kurze Erl\u00e4uterung der rechtlichen Grundlagen von den Profis<\/b><\/p>\n<p>Das Psych-KG ist das Gesetz, dass Hilfen und Schutzma\u00dfnahmen bei psychischen Krankheiten und bei geistig behinderten Personen regelt. Darin werden nicht nur die Voraussetzungen f\u00fcr eine Unterbringung in ein psychiatrisches Krankenhaus geregelt sondern auch Ma\u00dfnahmen zur Vorbeugung und Nachsorge. Ein psychisch erkrankter Mensch kann nur gegen seinen Willen eingewiesen werden, wenn eine psychische Erkrankung vorliegt und eine erhebliche, unmittelbare Gefahr f\u00fcr sich selbst oder andere (einschlie\u00dflich Rechtsg\u00fcter anderer) darstellt und diese Gefahr durch andere Ma\u00dfnahmen (z.B. Beratung, ambulante stat. Behandlung unter Einwilligung) nicht behoben werden kann. Allein fehlende Behandlungsbereitschaft rechtfertigt keine Unterbringung. Eine freiwillige Unterbringung hat immer Vorrang und wird auch von den Profis im Gespr\u00e4ch immer thematisiert und favorisiert.<\/p>\n<p>Nach einer Einweisung nach PsychKG findet bis zum Ende des n\u00e4chsten Tages (nicht innerhalb von 24 Stunden) eine richterliche Anh\u00f6rung statt bei der der Betroffene die M\u00f6glichkeit hat seine Sicht der Dinge dazustellen. Im Gespr\u00e4ch wird gepr\u00fcft, inwiefern eine Fremd- oder Selbstgef\u00e4hrdung vorliegt und eine weitere station\u00e4re Behandlung als notwendig erachtet wird. Ein gesetzlicher Betreuer(falls vorhanden) hat die M\u00f6glichkeit \u00fcber das Betreuungsgesetz eine Unterbringung zu veranlassen, wenn eine erhebliche Selbstgef\u00e4hrdung vorliegt und wenn der Betroffene die Einsicht zu notwendigen Untersuchungen\/\u00e4rztlichen Eingriffen nicht aufweist. Auch in diesem Fall findet durch das Gericht eine pers\u00f6nliche Anh\u00f6rung statt und es wird ein Gutachten erstellt und ein Verfahrenspfleger bestimmt. Die Unterbringung kann wie auch beim Psych-KG aufgehoben werden, wenn die Gr\u00fcnde f\u00fcr die Unterbringung weggefallen sind.<\/p>\n<p><b>2.Wie ist das eigentlich eingesperrt zu sein? Wie f\u00fchlt es sich an der \u201eFreiheit beraubt\u201c zu werden? Haben Sie solche Erfahrungen schon einmal gemacht? Wie haben Sie sich da gef\u00fchlt?<\/b><\/p>\n<p>Es wird berichtet, dass sich manche noch an das Gef\u00fchl erinnern k\u00f6nnen, wenn sie als Kind Stubenarrest bekommen haben. Manche erz\u00e4hlen von ihren Erfahrungen, die sie bei einer Einweisung gemacht haben und berichten von den Gef\u00fchlen dabei. Es wird bem\u00e4ngelt, dass man vor und bei der Einweisung zu wenige Informationen bekommen hat. Au\u00dferdem wurde von Situationen berichtet, in denen Zwangsma\u00dfnahmen eingeleitet wurden, obwohl aus subjektiver Sicht keine Gef\u00e4hrdung vorlag. Sowohl f\u00fcr die Betroffenen als auch die involvierten Profis ist eine Zwangseinweisung eine schwierige und belastende Situation.<\/p>\n<p>Deshalb ist Aufkl\u00e4rung und Darlegung der Fakten vor einer Einweisung sehr wichtig und notwendig, da es sonst zu unn\u00f6tigem Stress auf beiden Seiten f\u00fchrt. Im Gespr\u00e4ch wird immer wieder auf die M\u00f6glichkeit, sich freiwillig in Behandlung zu begeben hingewiesen. Es wird berichtet, dass jemand sich in freiwillige Behandlung begeben hat und dann aber doch ein Psych-KG daraus wurde und diese Erfahrung hat den Betroffenen Angst gemacht, dass das wieder passieren k\u00f6nnte. Es wird auf die M\u00f6glichkeit aufmerksam gemacht, dass man gegen ein Psych-KG Beschwerde beim Landgericht oder Vormundschaftsgericht einlegen kann. Au\u00dferdem bekommt jeder Betroffene einen Anwalt oder Verfahrenspfleger zur Seite gestellt um sich mit ihm beraten zu k\u00f6nnen. Es gibt die Ombudsfrau (Fr. Quednau) in der Klinik, bei der man auch eine Beschwerde vorbringen kann. Es ist sinnvoll eine Behandlungsvereinbarung abzuschlie\u00dfen, um damit im Falle einer erneuten Einweisung wichtige Informationen bzgl. Mediaktion, Umgang etc. ber\u00fccksichtigt werden k\u00f6nnen um den station\u00e4ren Aufenthalt zu optimieren.<\/p>\n<p><b>3.Was h\u00e4tte in solchen Situationen der Einweisung sowohl den Psychose &#8211; Erfahrenen als auch den anderen Anwesenden geholfen, um die Situation\/den Ablauf zu verbessern? Wie kann man ggf. Zwangseinweisungen verhindern?<\/b><\/p>\n<ul>\n<li>Einen festen Ansprechpartner zu haben<\/li>\n<li>Hilfe anfordern und annehmen<\/li>\n<li>Dem Wunsch, in Ruhe gelassen zu werden, nachkommen<\/li>\n<li>Sich freiwillig in Behandlung zu begeben<\/li>\n<li>Eine Behandlungsvereinbarung abschlie\u00dfen<\/li>\n<li>Situation vorher besprechen und einen \u201eNotfallplan\u201c erstellen<\/li>\n<li>Deeskalierend handeln<\/li>\n<li>Klare Kommunikation zwischen allen Beteiligten<\/li>\n<li>Informationsaustausch zwischen den Profis<\/li>\n<li>Die Situation nachbereiten<\/li>\n<li>Bezugspersonen sollen mehr in den Prozess eingebunden werden da sie wichtige Informationen und Hilfe geben k\u00f6nnen<\/li>\n<li>Die Anwesenheit der Polizei kann deeskalierend wirken, und weitere Ausschreitungen vermeiden.<\/li>\n<\/ul>\n","protected":false},"excerpt":{"rendered":"<p>Protokoll des Psychoseseminars vom 15.10.2008 von 19.00 \u2013 21.15 Uhr Protokollantin: Fr. Mischke (Mitarbeiterin der Kontakt-u. Beratungsstelle der Kette e.V.) Zun\u00e4chst erfolgt die Begr\u00fc\u00dfung des Auditoriums sowie der anwesenden G\u00e4ste Fr. Schlagloth-Kley (gesetzliche Betreuerin), Fr. Dr. Pauels (Gesundheitsamt), Hr. Steffen (Polizei), Hr. Schmitz (Ordnungsamt) 1.Was ist das Psych-KG? Kurze Erl\u00e4uterung der rechtlichen Grundlagen von den [&hellip;]<\/p>\n","protected":false},"author":2,"featured_media":0,"parent":14,"menu_order":-86,"comment_status":"closed","ping_status":"closed","template":"","meta":[],"_links":{"self":[{"href":"https:\/\/www.psychose-seminar.de\/index.php?rest_route=\/wp\/v2\/pages\/218"}],"collection":[{"href":"https:\/\/www.psychose-seminar.de\/index.php?rest_route=\/wp\/v2\/pages"}],"about":[{"href":"https:\/\/www.psychose-seminar.de\/index.php?rest_route=\/wp\/v2\/types\/page"}],"author":[{"embeddable":true,"href":"https:\/\/www.psychose-seminar.de\/index.php?rest_route=\/wp\/v2\/users\/2"}],"replies":[{"embeddable":true,"href":"https:\/\/www.psychose-seminar.de\/index.php?rest_route=%2Fwp%2Fv2%2Fcomments&post=218"}],"version-history":[{"count":0,"href":"https:\/\/www.psychose-seminar.de\/index.php?rest_route=\/wp\/v2\/pages\/218\/revisions"}],"up":[{"embeddable":true,"href":"https:\/\/www.psychose-seminar.de\/index.php?rest_route=\/wp\/v2\/pages\/14"}],"wp:attachment":[{"href":"https:\/\/www.psychose-seminar.de\/index.php?rest_route=%2Fwp%2Fv2%2Fmedia&parent=218"}],"curies":[{"name":"wp","href":"https:\/\/api.w.org\/{rel}","templated":true}]}}