{"id":216,"date":"2008-09-17T16:53:11","date_gmt":"2008-09-17T14:53:11","guid":{"rendered":"https:\/\/psychose-seminar.info\/?page_id=216"},"modified":"2008-09-17T16:53:11","modified_gmt":"2008-09-17T14:53:11","slug":"psychotisch-und-trotzdem-gluecklich-ein-erfuelltes-leben-trotz-psychose","status":"publish","type":"page","link":"https:\/\/www.psychose-seminar.de\/?page_id=216","title":{"rendered":"Psychotisch und trotzdem gl\u00fccklich?! \u2013 Ein erf\u00fclltes Leben trotz Psychose"},"content":{"rendered":"<p><b>Protokoll des Psychoseseminars vom 17.09.2008 von 19.00 \u2013 21.15 Uhr<\/b><\/p>\n<p>Protokollantin: Fr. Mischke (Mitarbeiterin der Kontakt -u. Beratungsstelle der Kette e.V.)<\/p>\n<p>Zun\u00e4chst erfolgt die Begr\u00fc\u00dfung des Auditoriums.<\/p>\n<p><b>1.Was ist Gl\u00fcck? (kurze Er\u00f6rterung)<\/b><\/p>\n<p>Es wurde zusammengetragen:<\/p>\n<ul>\n<li>Zufriedenheit<\/li>\n<li>mit sich und der Umwelt in Einklang sein<\/li>\n<li>ein \u201eHighlight\u201c<\/li>\n<li>mein eigenes Leben leben k\u00f6nnen<\/li>\n<li>ein Lottogewinn<\/li>\n<li>ein gutes Gef\u00fchl<\/li>\n<li>ein \u201eAha-Erlebnis\u201c<\/li>\n<li>es ist kein Dauerzustand \u2013 hebt sich aus einer Konstanten hervor<\/li>\n<li>man mu\u00df Kontakt haben um gl\u00fccklich zu sein<\/li>\n<li>gelungene Kommunikation<\/li>\n<\/ul>\n<p><b>2.Wann bin ich als Psychose \u2013 Erfahrener, Angeh\u00f6riger und Profi im Umgang mit der Erkrankung gl\u00fccklich?<\/b><\/p>\n<p>Es wurden Karten verteilt an die Teilnehmer und jeder sollte aus seiner Sicht schriftlich dazu Stellung beziehen. Die Ergebnisse wurden den jeweiligen Personengruppen ( Angeh\u00f6riger, Profi, Psychose &#8211; Erfahrener) zugeordnet. Im Anschluss wurden alle gebeten sich die Ergebnisse anzuschauen.<\/p>\n<hr \/>\n<p>PAUSE<\/p>\n<p><b>3.Welche Aussagen auf den Karten wurden f\u00fcr gut\/bemerkenswert\/auff\u00e4llig interessant befunden? Und weshalb?<\/b><\/p>\n<p>Auff\u00e4llig war, dass Psychose-Erfahrene sagen sie sind gl\u00fccklich im Kontakt mit sich selbst. Bei Profis und Angeh\u00f6rigen sind es die Gl\u00fccksmomente im Kontakt mit anderen Menschen. Es gab eine kurze Diskussion dar\u00fcber, dass Medikamente eine gro\u00dfe Rolle f\u00fcr das gl\u00fccklich sein von Psychose \u2013 Erfahrenen spielen und diese wiederum oft durch ihre Nebenwirkungen ungl\u00fccklich machen k\u00f6nnen.<\/p>\n<p><b>4.Was k\u00f6nnen Psychose \u2013 Erfahrene, Profis und Angeh\u00f6rige tun um sich gl\u00fccklich zu f\u00fchlen im Umgang mit der Erkrankung?<\/b><\/p>\n<p>Es wurden aufgez\u00e4hlt:<\/p>\n<ul>\n<li>sich angenommen f\u00fchlen<\/li>\n<li>sich auseinandersetzen (Was will ich?!)<\/li>\n<li>bewusst leben<\/li>\n<li>Begegnungen mit Menschen \u2013 soziale Netze\/Kontakte<\/li>\n<li>zufrieden sein<\/li>\n<li>auch im Ungl\u00fcck gl\u00fccklich sein<\/li>\n<li>Ruhe (im Kopf) haben\/erleben<\/li>\n<li>innerhalb meiner Toleranzen (Grenzen) leben<\/li>\n<li>Humor<\/li>\n<li>daf\u00fcr sorgen, dass es mir gut geht (gesunder Egoismus)<\/li>\n<li>das Leben weiter leben<\/li>\n<\/ul>\n<p>Nach weiterem Austausch in der Gruppe wurde klar, dass diese Punkte f\u00fcr alle anwesenden Personengruppen zutreffend und wichtig sind, um ein erf\u00fclltes Leben f\u00fchren zu k\u00f6nnen.<\/p>\n","protected":false},"excerpt":{"rendered":"<p>Protokoll des Psychoseseminars vom 17.09.2008 von 19.00 \u2013 21.15 Uhr Protokollantin: Fr. Mischke (Mitarbeiterin der Kontakt -u. Beratungsstelle der Kette e.V.) Zun\u00e4chst erfolgt die Begr\u00fc\u00dfung des Auditoriums. 1.Was ist Gl\u00fcck? (kurze Er\u00f6rterung) Es wurde zusammengetragen: Zufriedenheit mit sich und der Umwelt in Einklang sein ein \u201eHighlight\u201c mein eigenes Leben leben k\u00f6nnen ein Lottogewinn ein gutes [&hellip;]<\/p>\n","protected":false},"author":2,"featured_media":0,"parent":14,"menu_order":-85,"comment_status":"closed","ping_status":"closed","template":"","meta":[],"_links":{"self":[{"href":"https:\/\/www.psychose-seminar.de\/index.php?rest_route=\/wp\/v2\/pages\/216"}],"collection":[{"href":"https:\/\/www.psychose-seminar.de\/index.php?rest_route=\/wp\/v2\/pages"}],"about":[{"href":"https:\/\/www.psychose-seminar.de\/index.php?rest_route=\/wp\/v2\/types\/page"}],"author":[{"embeddable":true,"href":"https:\/\/www.psychose-seminar.de\/index.php?rest_route=\/wp\/v2\/users\/2"}],"replies":[{"embeddable":true,"href":"https:\/\/www.psychose-seminar.de\/index.php?rest_route=%2Fwp%2Fv2%2Fcomments&post=216"}],"version-history":[{"count":0,"href":"https:\/\/www.psychose-seminar.de\/index.php?rest_route=\/wp\/v2\/pages\/216\/revisions"}],"up":[{"embeddable":true,"href":"https:\/\/www.psychose-seminar.de\/index.php?rest_route=\/wp\/v2\/pages\/14"}],"wp:attachment":[{"href":"https:\/\/www.psychose-seminar.de\/index.php?rest_route=%2Fwp%2Fv2%2Fmedia&parent=216"}],"curies":[{"name":"wp","href":"https:\/\/api.w.org\/{rel}","templated":true}]}}